e 23 - 6 - 1 - (-7 - -30) - (1 - -10).
-18
-28 + (-41 - -25) + 47 + (0 - -2 - -12)
17
What is the value of -12 - (20 - (16 + 0))?
-16
Evaluate ((-25 - 3) + (-3 - -18) - 3) + -6.
-22
Calculate 97 + 40 + -84 + -69.
-16
Evaluate 122 + 6 + (-22 - -14 - -10).
130
What is the value of -40 + (0 + -9 - (54 + -6 + -56))?
-41
Evaluate -39 - -2 - (-12 + 28 + -26 + 11).
-38
(10 + -32 - (0 - 10)) + (-4 - (5 - 40))
19
Evaluate (-1 - (-3 + 2)) + -1 + (1416 - 1447).
-32
9 + -7 + 71 - (-6 + -5)
84
7197 + -7199 + -82 + 2
-82
Calculate 54 + (-21 + 34 - 20) + 17.
64
Evaluate (-3 + 0 - -63) + -11571 + 11590.
79
0 - (-2 + -41) - (47 + (-97 - (-43 - 6)))
44
Evaluate 21 + -21 - ((52 - 1) + -6 + 6) - 10.
-61
What is 12 + -12 + 5 + -50 - -2 - -18?
-25
What is the value of 1 + 0 + 6 + 0 - (-37 - -34)?
10
Evaluate 11 - -4 - (19 + -31 + 31 + -9).
5
Evaluate (48 - 38) + 257 + -157.
110
What is the value of (-30 - 6) + 40 + -1?
3
What is (-3 - -16) + -16 - (2 - 52)?
47
Evaluate (160 + -36 - 161) + -26.
-63
What is the value of 70 + -17 + (10 - (0 - 18)) - -3?
84
What is the value of 3 + (-2 - 2) + (-32 - -53) + -24?
-4
What is the value of -1 - -38 - (27 + -26 - (-3 - -14))?
47
Calculate -4 + 11 + (-4 - (-6 - 21) - -3) - 0.
33
Calculate -1 + (-1 - -5 - (63 - (-21 + 7 + 16))).
-58
What is the value of 2 + -3 - (-45 - -6) - (77 + (-91 - 0))?
52
Calculate 46 - ((-5 - -34) + 6) - (-16 + 1 + 2).
24
Evaluate (-1 - -2 - 27) + (-243 - -240).
-29
What is the value of (59 - 58) + 16 - 61?
-44
-26 + -17 + (12 - 0 - 3) + -9
-43
Evaluate (-2 - (-8 - (5 - 4))) + -6 - (-16 + -10).
27
Calculate -39 - 15 - (-54 - -73).
-73
Evaluate (-34 - -9) + (3 + -21 - -42) + -4.
-5
Evaluate 282 - 241 - (-10 - (-24 + 10)).
37
Calculate -107 + ((-43 - -47) + 10 - 46).
-139
Evaluate 1 + -20 - (10 + (20 - 32) + -69).
52
Calculate -14084 + 14064 - (1 - 78 - (1 - -2)).
60
-102 - (7 + -35 + (28 - (44 - 22)))
-80
What is the value of (-3 - -13) + -1 + -20 + 15 + (-80 - -9)?
-67
What is the value of (36 - (21 - 20)) + -29 + (0 - 67)?
-61
Calculate (10 - -36) + -46 - (20 + (-1 - -1)).
-20
Evaluate (269 - 312) + 108 + 8 + -2.
71
What is -6457 + 6355 + -1 + 86?
-17
Calculate -44 + 48 + (-2 - ((-1 - 6) + -36)).
45
Calculate (1 - -4 - ((-48 - -11) + 48)) + 0 + 44.
38
Calculate -4 + (-43 - (-52 + 22) - (-165 - 2)) - -4.
154
Evaluate -1 + -8 - 9 - -25 - (6 + -36).
37
Calculate -33 + (12 - (-13 + 6)) + -36 + 0 - -11.
-39
(21 - 5) + -2175 + 2252
93
-23 + 9 - -28 - (34 - 16) - -31
27
What is -2 - (-160 + 97 + 166)?
-105
What is the value of -175 + -76 + 229 + (6 - (-1 - 0))?
-15
Evaluate 31 + 32 + -35 + 61 - 4.
85
What is the value of -1 + 19 + -2 - (1297 - 1292)?
11
(200 - 195) + (3 - (1 - -9)) - 6
-8
What is the value of (14 - (4 + -1)) + (94 - 74) + (1 - -29)?
61
25 - (4 - -1 - (9 + 0 + (46 - 59)))
16
What is 35 + (-3 - (15 - 17)) - 137?
-103
What is -51 + 2 + -4 + -47 + 30 + (11 - 1)?
-60
-46 - (1 - (-45 - -101))
9
-33 + -3 + (4 - -5) - (3 + (15 - 23))
-22
What is -1929 + 2164 + (-127 - 0)?
108
Evaluate -47 - 0 - (7 + -2 + -15 + 7).
-44
What is -3 + (-11 - (12 + -11)) + 5?
-10
39 + 3 + (42 - 98)
-14
What is the value of -21 + (1 - -22) + 37?
39
What is (-1 + -9 - (45 + -41) - (-7 + -1)) + 20?
14
Calculate (1068 - 1073) + (-1 + 2 - 1) + (-3 - 30).
-38
Calculate (75 - -2) + 4572 + -4553.
96
What is (-32 - (-23 + 6) - -6) + 23?
14
Calculate (16 - 1) + -51 + 13 - -31.
8
Evaluate 105 - 184 - -35 - -57.
13
Evaluate 46 + 97 + (-131 - 69).
-57
Evaluate -2 - ((-4 - (-23 + 11 + 10)) + -46).
46
Evaluate -38 + -4 + 7 + -5 - (-3 - (14 + -14)).
-37
Calculate (-35 - (48 + -25)) + -9 + 4 - -15.
-48
Calculate 173 + -80 + 80 + -63.
110
What is the value of 16 - (104 - 0 - (45 - 14))?
-57
(-23 - 2) + (3605 - 3550)
30
What is the value of 9 - (-11 - (-31 - -40 - (-5 + (-5 - -10))))?
29
12 - (-13 - (50 - 30))
45
What is 19 + -1 + (131 - (33 - -87))?
29
0 - (-84 - 27) - 63
48
What is -75 + 9 + (-3 - -14 - 8) + -14?
-77
Calculate 4 + (-52 - 1) + (-3 - 17) + 27.
-42
Evaluate 17 + -31 + -35 - -48.
-1
Evaluate 12 + -5 + (-11 - (12 - 36)) + -11.
9
What is (6 - (-12 + (-7 - (6 - 30)))) + 17?
18
What is 32 + 30 + (-90 - -53)?
25
Evaluate -3 + -12 + (-49 - -51) - -52.
39
Evaluate 17 + -7 + (56 + -60 - -7).
13
Evaluate (-4587 - -4586) + (-1 - 15).
-17
What is 11 + 1 + (-185 - -108 - -57) + 43 + 0?
35
Calculate (39 - 161) + -2 + (44 - -6).
-74
Evaluate -5 - 1 - (126 + -107 - (-12 - -44)).
7
Evaluate (5 - 6 - -18) + 0.
17
What is 1 - -4 - ((-77 - 6) + (30 - 13) + -6)?
77
Evaluate 5 + 3 + 11 + (1 + 13 - 15).
18
Evaluate 0 + 13 + (81 - 75 - (1 + -34)).
52
-87 + 30 + -4 - -29
-32
What is the value of -616 - -619 - (-45 + -4 + (-3 - 2) + 2)?
55
Calculate 4 + (-32 + 54 + -28 - (-25 + -1)).
24
Evaluate (-1 + 1 - 4 - (35 + -16 + 27)) + 9.
-41
(0 - -3 - -2 - 19) + (9 - -17)
12
Evaluate 5 + -27 - (1 - 9) - (-10 + -1).
-3
What is (621 - 592) + (-3 - (22 + 0)) + -155?
-151
What is (-7 - -4) + (-5 - -2) - (731 - 709)?
-28
Calculate -24 + -8 + 51 + -1 + 4.
22
What is 10 + -8 + 10 + (1 - (12 + -17))?
18
What is the value of (0 - -69) + (4620 - 4625)?
64
Evaluate -31 + (-50 - 30) + 33 - (-16 - 1).
-61
What is -8 - (-17 - (-146 - -173))?
36
Evaluate -3 + 13 + (5 - 8) + (26 + 12 - -3).
48
What is the value of -5 + -6 + 6 + 10 + (-44 - -20) + 50?
31
Calculate 16 + (26 - 21) + 9 + (-3 - -99).
126
Evaluate (4 - 18 - -17) + 48 - (-4 - -19).
36
What is -97 + 94 + 22 + 21 + -115?
-75
What is (49 - (27 - (-8 - -17))) + -2 + -13?
16
149 + 24 + -72 - (36 + -5)
70
Calculate (2 - 100) + -1 + 11 + -2 - (19 + -15).
-94
What is -51 - -76 - (-26 + 30)?
21
Calculate 53 + -1 + (-65 - -19).
6
What is (0 - 26 - -40) + -36?
-22
Evaluate -149 + (134 - -17) + (-1 - -28).
29
Evaluate 10 + -4 + 5 + -18 + 1.
-6
What is (-139 - -83) + 0 + 33 + -6?
-29
Evaluate 2 - -76 - (18 - (-1 - (-19 - -7))).
71
Calculate 95 - 9 - 48 - 40.
-2
Evaluate (101 - -15) + -9 + -148.
-41
What is -40 - (4 + -41 + 27)?
-30
What is (21 - 28) + -1 + 75 + 25 + (-25 - -11)?
78
Calculate 10 - ((14 - 1) + -34 + (-45 - -25)).
51
What is the value of -90 - (-99 - -33) - 31?
-55
Calculate 47 - 49 - (26 - 8).
-20
-86 + 22 + 62 + 25
23
Evaluate 25 + -2 + (56 - (98 - 23)).
4
What is the value of -224 + 181 - (0 + 3 - (49 - 37))?
-34
What is the value of 26 + -2 + 11 + -22 + -97?
-84
Evaluate (-242 - -187 - -59) + (-2 - (31 - 1)).
-28
What is the value of (1 - -18) + (4 - 49) + 2?
-24
What is (1 - (4 - -2) - -12) + (139 - 143)?
3
What is the value of 6 - (-78 - -56 - (7 + -83))?
-48
Calculate (-4 - (-1 - 4) - 16) + 18 + (-42 - -32).
-7
Evaluate 40 - (37 + 18 + -19).
4
What is (87 - (50 + -24)) + -44?
17
-49 + 67 + -29 - -30
19
What is the value of -76 + 85 + -3 - 36?
-30
-13 + (14 - (-10 + 19)) + 58
50
Calculate 29 + 17 + -32 - 56.
-42
Evaluate 85 - (8 + (11 - 3)).
69
Calculate 44 - -8 - 103 - 23.
-74
What is the value of 613 + -610 - (2 + -4 - 7)?
12
1 + 19 - ((49 - 21 - 35) + -1 + 11)
17
What is 0 + 39 + (-91 - (-208 - -128))?
28
Evaluate -2 - (-6 - (-3 + 29)) - (56 + -48).
22
Calculate -2701 - -2702 - (-1 - 1 - (5 - -2)).
10
Calculate -113 - ((5 - 77) + 18).
-59
What is (8 - (-10 + 5)) + (19 - 22)?
10
7 + (-14 - (-1 - (15 + 2))) + 0 + 2
13
What is the value of 12 - 0 - (-1 + -27 + -1 + -6 + 17)?
30
Evaluate (-12 - -2) + 2 - (-2258 + 2268).
-18
What is (-219 - (-468 + 267)) + 0 + 75?
57
57 - (-126 - (-102 + 16))
97
What is 89 + 5 + (89 - 133)?
50
Evaluate (-4 - ((5 - 14) + -1 + 7)) + (4 - -28).
31
Evaluate (45 - -2) + -233 + 226.
40
What is the value of 0 + 12 + -49 + 147 + -122 - (0 + 61)?
-73
549 - 469 - (-4 - -163)
-79
Calculate -7 - (-3 + 1 + 0 + (433 - 434) - 60).
56
What is (6 - (-1 + 28)) + 13 + (2 - 26)?
-32
What is the value of -13 + 51 + -4 + (-11 - (-24 + 22))?
25
0 + (-15 - -2) - (5 + -51 + -4)
37
What is the value of 15 + (-93 - -90) + (0 - -10)?
22
What is 2299 - 2183 - (1 + 0)?
115
What is (-3 - -4 - -14) + -28 + 24?
11
What is the value of (0 - (-21 + -2)) + (-1152 - -1158)?
29
What is 0 + -32 - (257 - (365 + -77))?
-1
2 + -6 + (-6 - (-5 - (-15 - -8)))
-12
What is the value of (22 + 37 - -27) + -48?
38
Evaluate -47 + (9 - 59 - -54).
-43
37 + 14 + -106 + 115
60
Calculate (44 - 54) + (-5 + 12 + 0 - 81).
-84
What is -97 + 28 + 121 + -154?
-102
What is -4 - (-10 + (-7 - 13) + -24)?
50
What is the value of 19 +